ue
Is 16363844401 prime?
True
Is 207275261 composite?
False
Is 3969315991 a composite number?
False
Is 13592141 composite?
False
Is 5080312279 a prime number?
False
Is 91476767 composite?
False
Is 17884650617 composite?
True
Is 185538433561 a prime number?
False
Is 246959509 prime?
True
Is 210283349 a prime number?
True
Is 2360960219 a composite number?
True
Is 654593213 prime?
False
Is 80022562121 a prime number?
True
Is 92785553677 a prime number?
False
Is 8342558083 a prime number?
True
Is 4975654139 prime?
False
Is 2088723209 prime?
False
Is 731753731 a composite number?
False
Is 241082869 a composite number?
False
Is 22355639491 a composite number?
True
Is 30435883 a prime number?
True
Is 133747961 a composite number?
False
Is 444708157 a prime number?
False
Is 283970963 a prime number?
True
Is 266058589 a composite number?
True
Is 496254413 composite?
True
Is 997939567 composite?
False
Is 288435419 a prime number?
True
Is 9636190721 composite?
False
Is 17692889783 a prime number?
True
Is 87097453 a composite number?
False
Is 6670085969 prime?
True
Is 7741606361 composite?
True
Is 46764306313 a prime number?
False
Is 252723307 composite?
False
Is 14428798349 prime?
False
Is 2411512561 composite?
True
Is 884834501 prime?
True
Is 16655547247 a composite number?
False
Is 3212251727 a prime number?
True
Is 8877716083 composite?
False
Is 7810040449 a composite number?
True
Is 511803209 a prime number?
False
Is 15169338263 prime?
True
Is 16496082313 prime?
False
Is 4053745357 a prime number?
True
Is 6111554509 prime?
False
Is 60087626239 composite?
False
Is 122845141 a composite number?
True
Is 267890449 composite?
False
Is 3975221329 composite?
True
Is 228779711 composite?
False
Is 12593953367 composite?
False
Is 11903142245 a composite number?
True
Is 1422000277 a composite number?
True
Is 39336368837 prime?
True
Is 364938037 composite?
False
Is 38271404657 composite?
False
Is 10191091 a prime number?
True
Is 5286617491 prime?
True
Is 7731669941 composite?
True
Is 68253233 composite?
True
Is 1941773513 composite?
True
Is 1133658581 a composite number?
True
Is 2894599117 a composite number?
False
Is 331631407 a prime number?
False
Is 4006484017 prime?
False
Is 522971533 composite?
True
Is 787630079 prime?
False
Is 2921208439 prime?
True
Is 29018618917 a composite number?
False
Is 7176913789 composite?
True
Is 54556128931 composite?
True
Is 10859019539 a composite number?
False
Is 3218493631 composite?
True
Is 656390363 a composite number?
False
Is 1033417067 a prime number?
False
Is 9759832969 a prime number?
True
Is 11834177381 a prime number?
False
Is 30309505769 prime?
True
Is 2004186551 composite?
False
Is 1093312937 a composite number?
False
Is 86698375867 a composite number?
True
Is 16443555101 a prime number?
True
Is 8319349697 a composite number?
True
Is 2803812421 prime?
False
Is 392678945 a prime number?
False
Is 9018432047 composite?
False
Is 2471918863 a prime number?
True
Is 469672439 a prime number?
True
Is 265870373 prime?
False
Is 5088050719 composite?
True
Is 9157401377 prime?
False
Is 1251316483 prime?
True
Is 55355852911 a prime number?
True
Is 36902042113 a composite number?
False
Is 3945150511 a prime number?
False
Is 64983864367 a composite number?
True
Is 26536597279 a composite number?
False
Is 144284165527 prime?
True
Is 31133901833 composite?
True
Is 2553360115 a prime number?
False
Is 277500684541 prime?
False
Is 154934599 composite?
False
Is 52641049 prime?
False
Is 1052617693 a composite number?
True
Is 21770853193 prime?
False
Is 219632327 composite?
False
Is 772718407 a prime number?
True
Is 26899412873 composite?
False
Is 68628902951 a prime number?
False
Is 6028259729 a prime number?
True
Is 758345807 a prime number?
False
Is 4821043643 a composite number?
True
Is 1466575007 a prime number?
True
Is 250226173 a prime number?
False
Is 2939427151 a composite number?
True
Is 319217281 a prime number?
True
Is 3236402021 a composite number?
False
Is 16954149197 composite?
True
Is 834513187 composite?
True
Is 10460915011 a composite number?
False
Is 604513751 a prime number?
True
Is 4108836019 a prime number?
True
Is 8769577 composite?
False
Is 2938948799 a prime number?
True
Is 31246667 a prime number?
False
Is 85267432861 a composite number?
True
Is 1290332713 a prime number?
True
Is 5863485239 a composite number?
False
Is 50513598953 a prime number?
True
Is 388624969 composite?
True
Is 13892823173 a composite number?
True
Is 4847887541 prime?
False
Is 131329091 a composite number?
False
Is 340435127 a prime number?
True
Is 20286207737 a prime number?
True
Is 5653975751 a prime number?
False
Is 11100207743 composite?
False
Is 1896585319 a composite number?
False
Is 424859387 a composite number?
False
Is 1057871739 composite?
True
Is 4213714861 a prime number?
True
Is 26260046779 a composite number?
True
Is 46742303 prime?
True
Is 14057902891 composite?
False
Is 28988780333 a composite number?
False
Is 81434709373 prime?
False
Is 634039111 composite?
False
Is 231309563 a prime number?
False
Is 33904763623 a composite number?
False
Is 6720019763 composite?
False
Is 1021541891 a composite number?
False
Is 527531383 a prime number?
False
Is 4486349363 a prime number?
True
Is 28727257337 composite?
True
Is 1252046863 a composite number?
True
Is 661018999 composite?
False
Is 7970847047 composite?
False
Is 16279150039 a composite number?
False
Is 46375865401 composite?
True
Is 49357197259 a composite number?
True
Is 42721477417 a prime number?
True
Is 7464081423 prime?
False
Is 54192773597 prime?
False
Is 386511971 a prime number?
False
Is 3825987967 composite?
True
Is 38712251 a composite number?
True
Is 13357286795 composite?
True
Is 3643651301 a composite number?
True
Is 362410356361 prime?
True
Is 5241931757 prime?
True
Is 28390298711 a composite number?
False
Is 2704761053 a composite number?
True
Is 14292073 prime?
False
Is 644055169 composite?
False
Is 1932325169 prime?
True
Is 128916773 prime?
False
Is 1106072281 a composite number?
True
Is 10847280701 a prime number?
True
Is 16260309959 a composite number?
False
Is 214203881 prime?
False
Is 245676386077 a prime number?
False
Is 15691669271 a prime number?
True
Is 2156716447 a composite number?
False
Is 266041823 composite?
True
Is 127461013 prime?
False
Is 4419864079 a prime number?
True
Is 152549792821 a prime number?
True
Is 238378561181 composite?
True
Is 10764545819 prime?
False
Is 15579562027 prime?
False
Is 97969919 a prime number?
False
Is 4136103913 a prime number?
False
Is 11541843637 prime?
False
Is 3360447303 prime?
False
Is 23925289921 a composite number?
True
Is 2561746741 prime?
True
Is 2627778151 a composite number?
False
Is 20241120421 a prime number?
True
Is 20919109 a prime number?
True
Is 145177228799 composite?
True
Is 428622941 prime?
False
Is 2862783011 prime?
False
Is 3345827077 prime?
True
Is 12556183973 a composite number?
False
Is 1528377938 a composite number?
True
Is 6226038019 composite?
True
Is 9015596503 composite?
True
Is 6127124449 a prime number?
False
Is 75074410543 prime?
False
Is 162496891 composite?
False
Is 2079556093 a composite number?
True
Is 100988941 a composite number?
False
Is 8024001161 composite?
True
Is 4311826513 composite?
False
Is 122807735393 a composite number?
True
Is 45866021 a prime number?
True
Is 5751441229 prime?
True
Is 30675010439 a prime number?
True
Is 722477981 a prime number?
False
Is 5489439779 a prime number?
False
Is 713595203 composite?
False
Is 17431601871 a composite number?
True
Is 73486697 a prime number?
True
Is 2340640294 composite?
True
Is 11342416753 a composite number?
True
Is 132923641 composite?
True
Is 30069997933 a prime number?
True
Is 1156627135 composite?
True
Is 11986862669 composite?
False
Is 758268067 composite?
False
Is 7697281829 composite?
False
Is 161453191 a prime number?
False
Is 69319495841 a prime number?
True
Is 2201531327 a composite number?
False
Is 6724453927 prime?
True
Is 129447644903 a composite number?
True
Is 7043945789 a prime number?
False
Is 10752157282 a prime number?
False
Is 2364201041 prime?
True
Is 310001633 prime?
True
Is 7093357906 prime?
False
Is 4102095997 composite?
True
Is 493473353 a prime number?
True
Is 102190514269 prime?
True
Is 8261433